uppose 4*v - 38 = -3*o, 3*o + 7 = -2*v + 29. What is the hundreds digit of (2 - 42/3)*(-5 - v)?
1
Let w = 15 - 17. Let g be 370/(-20)*(w + 0). Suppose g - 125 = -4*z. What is the units digit of z?
2
Let i be (-90)/20*(-136)/(-6). Let o = 165 + i. What is the tens digit of o?
6
Suppose 3*w + 6 = 150. Let c = -21 + w. What is the tens digit of c?
2
Let a = 1295 + -846. What is the hundreds digit of a?
4
Let o = 203 - 47. Let v = o - 80. What is the tens digit of v?
7
Suppose 3 = t + 5. What is the hundreds digit of (-2)/(4 + t) - -25*5?
1
What is the hundreds digit of 6/4 + 8115/30?
2
Let h = 1701 + 1028. What is the tens digit of h?
2
Suppose 9*y = 12*y - 3. Suppose 0 = -3*a - 2*q + 49, 0 = -4*a - 2*q + y + 67. Suppose -d - 3*t + a = -0, 77 = 3*d + 5*t. What is the tens digit of d?
3
Suppose -b - 2 = 1. Let i be (b - -9)/(6/4). Suppose 0 = i*g + m - 9, -5*g + 2*m + 18 = m. What is the units digit of g?
3
Let p be (4/12)/(2/36). Suppose -q = -0*q - p. Let b(d) = 2*d - 9. What is the units digit of b(q)?
3
Let d = 258 - -3080. What is the thousands digit of d?
3
Suppose -5*p = i - 2982, -4*p + 9001 = -16*i + 19*i. What is the hundreds digit of i?
0
Let s be 69/(-15) - 4/10. Let r(v) be the first derivative of -v**4/4 - 4*v**3/3 + 2*v**2 - v + 5. What is the units digit of r(s)?
4
What is the thousands digit of 1416/(-16)*416/(-24)?
1
Suppose -617*d + 622*d - 2145 = 0. What is the units digit of d?
9
Let x(o) = 12*o**2 + 4*o - 6. Let a be x(-6). Let n = a - 262. What is the hundreds digit of n?
1
Let f = 2 - 21. Let l be f/(-3) + 2/3. Suppose -3*y + l + 83 = 0. What is the tens digit of y?
3
Let q = 35 - 37. What is the units digit of (-10 - -45) + -1 + 1*q?
2
Let v be 1/(-1) - (-3 + -1). What is the units digit of -151*(-4 + v) + 0?
1
Let p be (-4)/10*10/(-1). Suppose -4*i - o - 30 = o, 0 = -p*o + 4. Let f = i + 13. What is the units digit of f?
5
Suppose -3*g + 15 = 2*g - 4*a, -4*a - 3 = -g. Suppose 5*c - 5 = 0, -13 - 14 = 4*i - g*c. What is the units digit of (-166)/(-4) + i/(-4)?
3
Let o be (-2)/9 + 2 - (-2)/9. Suppose -z - 4*w - 47 = -159, -z - o*w = -102. What is the units digit of z?
2
Suppose 0 = 7*m - 1079 - 2036. What is the hundreds digit of m?
4
Suppose 1723 = o + 3*s + 76, 4*o - 6638 = -2*s. What is the hundreds digit of o?
6
Let r = 32 + -32. Suppose r = -4*g + 2*o + 98, 0*o + 59 = 2*g + o. What is the units digit of g?
7
Suppose -4*l + 3685 = -6599. What is the thousands digit of l?
2
Suppose -2*g - x + 2*x - 13 = 0, -4*g - 4*x = -4. Let k be g/(-14) + 23/(-7). What is the units digit of (k - -1) + 4 - -9?
1
Let z = 6 - 1. Suppose -z*j = -7*j + 270. What is the hundreds digit of j?
1
Suppose 2*o = 323 - 47. What is the units digit of o?
8
Suppose 2*q - 12*r - 2638 = -9*r, 0 = -5*r - 20. What is the tens digit of q?
1
Suppose 0 = -78*c - 58933 + 489727. What is the hundreds digit of c?
5
Let i be 8/36 + (-43)/(-9). Suppose 0 = i*u - 20. What is the units digit of -6*((-16)/12)/u?
2
Let k(i) = -9*i**3 - i**2 - i + 2. Let n be k(1). Let d(b) = -b**3 - 8*b**2 + 2*b - 11. What is the tens digit of d(n)?
5
Let u(g) be the third derivative of 5*g**4/24 - 14*g**3/3 + 10*g**2. What is the units digit of u(12)?
2
What is the hundreds digit of 480/(-35)*2632/(-16)?
2
Let n be ((-36)/24)/((-9)/96). Let j = -3 - -9. Let h = n + j. What is the tens digit of h?
2
Suppose 0 = -a - 7*a. Suppose a = -5*f + 258 + 227. What is the units digit of f?
7
Let d(b) = b**3 - 3*b**2 - 7*b - 47. What is the tens digit of d(11)?
4
Let w(c) = c**3 + 12*c**2 + 25*c + 10. What is the units digit of w(-9)?
8
Let h(z) = -z**3 - 25*z**2 - 43*z - 51. What is the hundreds digit of h(-24)?
4
Suppose z + 4*n - 367 = 0, 4*z - 709 = 2*z - 3*n. Suppose 4*g - 274 = -5*o + 4*o, z = 5*g - o. What is the units digit of 7 + -4 + 1*g?
2
Let y = 36 - 31. Suppose 4*f + 4 = y*f. Suppose -4*p = 4*u - 196, 4*p + p = -f*u + 196. What is the units digit of u?
9
Suppose 5*g + n - 4154 + 128 = 0, -2*g + 3*n + 1624 = 0. What is the tens digit of g?
0
Suppose 28*m + 59568 = 45*m. What is the tens digit of m?
0
Let s(o) be the second derivative of 2*o + 0 + 1/20*o**5 - 2/3*o**4 - 7/6*o**3 - 9/2*o**2. What is the units digit of s(9)?
9
Let n be 6/(-1)*(-2 - (-12)/9). Suppose n*z = 2*z + 98. What is the units digit of z?
9
Let k(u) = u**2 - u - 1. Suppose -5*h = -2*r + 34, -2*h = -3*r + 2*r + 16. Let o = r - 8. What is the tens digit of k(o)?
1
Suppose 0 = -4*j + 16. What is the units digit of j + (0 - 2 - -76)?
8
Let u be (-4)/(-8)*11*2. What is the tens digit of u/(12/(-21) - (-54)/70)?
5
Let p be (9/(-12))/(-1) - (-115)/(-4). Suppose 4*i + 4*t - 124 = 60, -2*t = 3*i - 143. Let b = p + i. What is the units digit of b?
3
Suppose 5*u = -5*k + 10700, 43*u - 10684 = 38*u - k. What is the units digit of u?
6
Let l(j) = -2*j**3 - 12*j**2 + 6*j - 6. Let h be l(-7). What is the tens digit of 1/1 + h + -1?
5
Suppose 0 = -8*o + 3*o + 665. Suppose -5*m = 5*s + 13 - o, -5*s = -m + 12. Let v = m + -18. What is the units digit of v?
4
Let t = -1 - -2. Suppose -t = -3*j + 2*a - 9, -4*a + 16 = 2*j. What is the tens digit of 1/1 - (-14 + j)?
1
Let r(d) be the third derivative of 7*d**5/12 - d**4/8 - d**3/3 + d**2. Let n be r(-2). Suppose -18*l - n = -21*l. What is the tens digit of l?
4
Let v(q) = -q - 1. Let u be v(-4). Suppose 2*n - u*n = -48. Suppose 0*h - 3*h + n = 0. What is the units digit of h?
6
Suppose g + 130 = 2*s, 3*s - s = 3*g + 122. Let p = s - 25. What is the units digit of p?
2
Let k = -26 + 38. Suppose k*h = 8*h - 228. Let d = -28 - h. What is the units digit of d?
9
Let r(y) = -y + 9. Let h be r(6). Suppose -h*m = -4*m + 1. Suppose m = w + 2*l - 29, 0 = -5*w - 5*l + 165. What is the units digit of w?
6
Let m(f) = 24*f**2 - 7. Let t(a) = -47*a**2 - a + 15. Let z(g) = 9*m(g) + 4*t(g). Let j be z(-2). Let v = -80 + j. What is the units digit of v?
7
What is the hundreds digit of 7/(-9) + (-22)/99 - -184?
1
Let p(j) be the first derivative of -j**4/4 - j**3 + 2*j**2 + 7*j + 1. What is the units digit of p(-4)?
7
Let h(o) = 54*o**2 - o - 1. Let j(r) = 217*r**2 - 4*r - 5. Let v(i) = 18*h(i) - 4*j(i). What is the hundreds digit of v(1)?
1
Let c(l) be the second derivative of l**4/12 - 5*l**3/3 + 17*l**2/2 - 3*l. Suppose 0*g - 3*g = 5*y - 63, 3*g = 2*y - 21. What is the tens digit of c(y)?
4
Let v be 2/(-1 - (-1 - -1)). Suppose -3*o - 89 = 5*y, -7*o - 81 = -4*o + 3*y. Let z = v - o. What is the units digit of z?
1
Suppose 39 = 5*b - 166. What is the tens digit of (1 + b)*(-24)/(-28)?
3
Let o(b) be the first derivative of 58*b**3/3 - b**2 - b - 6. What is the tens digit of o(-1)?
5
Let o = 99 - 91. Suppose -1843 = -o*f - 283. What is the hundreds digit of f?
1
Suppose -8*h + 13972 = -13332. What is the tens digit of h?
1
Let s(u) = -u**3 + 7*u**2 - 5*u - 1. Let r be 22/18 + 6/(-27). Suppose 0 = 5*j - r - 29. What is the units digit of s(j)?
5
Suppose -5 = -5*g, 5*d - 5*g - 1 = 4. Suppose -d*v + 17 + 23 = 0. What is the tens digit of v?
2
Suppose 354 + 674 = 4*u. What is the tens digit of u?
5
Suppose 3*f + 3*u = 873, 6*f - 1449 = f - 2*u. What is the tens digit of f?
8
Let w(h) = 3*h**3 - 16*h**2 + 21*h + 11. What is the hundreds digit of w(8)?
6
Suppose 0 = -4*x - v - v + 2958, 2*v = -2*x + 1474. What is the tens digit of x?
4
Let c = -1 + -2. Let z be ((-4)/c)/((-12)/72). Let a = z - -13. What is the units digit of a?
5
Let z be -1 - (2 - 2 - (-228 - -2)). Let m = z - -361. What is the hundreds digit of m?
1
Let o(g) = g**3 - 10*g**2 + 10*g - 5. Let n be o(9). Suppose 2*a - n*s = -24, -9 = 4*a + 5*s - 0. What is the tens digit of (-1)/a + 1945/30?
6
Suppose -4*l = -5*k + 10, -k = -0*k - 2. Suppose -10 = -4*g + 10, l = 2*s - 3*g + 27. What is the units digit of (5 + -4)*s/(-2)?
3
Let m(w) = -w**3 + 9*w**2 + 12*w - 15. Let c be m(10). Suppose -4*l = -c*i - 423, 2*i + 331 = 3*l + i. What is the hundreds digit of l?
1
Let r be 4/14 - 474/42. Let j = 42 - 30. Let q = j + r. What is the units digit of q?
1
Let g be 1 - -2 - 3*-9. Let l be (g + (-3 - -5))/2. Suppose -3*x = 4*d - 48, -l - 24 = -4*d - x. What is the units digit of d?
9
Let s(m) = 6*m**3 - 2*m**2 - m - 3. Let v(h) = 7*h**3 - 3*h**2 - 2*h - 3. Let d(g) = 3*s(g) - 2*v(g). What is the tens digit of d(3)?
0
Let z be 136/12*(-69)/(-2). Let o